{"version":"1.0","provider_name":"Der Stiftungsblog f\u00fcr die Stiftungspraxis","provider_url":"https:\/\/stiftungsmarktplatz.eu\/blog","title":"Einfach mal die 100-Jahres-Brille aufsetzen - Der Stiftungsblog f\u00fcr die Stiftungspraxis","type":"rich","width":600,"height":338,"html":"<blockquote class=\"wp-embedded-content\" data-secret=\"TXXB3yRjAZ\"><a href=\"https:\/\/stiftungsmarktplatz.eu\/blog\/einfach-mal-die-100-jahres-brille-aufsetzen\/\">Einfach mal die 100-Jahres-Brille aufsetzen<\/a><\/blockquote><iframe sandbox=\"allow-scripts\" security=\"restricted\" src=\"https:\/\/stiftungsmarktplatz.eu\/blog\/einfach-mal-die-100-jahres-brille-aufsetzen\/embed\/#?secret=TXXB3yRjAZ\" width=\"600\" height=\"338\" title=\"&#8222;Einfach mal die 100-Jahres-Brille aufsetzen&#8220; &#8211; Der Stiftungsblog f\u00fcr die Stiftungspraxis\" data-secret=\"TXXB3yRjAZ\" frameborder=\"0\" marginwidth=\"0\" marginheight=\"0\" scrolling=\"no\" class=\"wp-embedded-content\"><\/iframe><script type=\"text\/javascript\">\n\/* <![CDATA[ *\/\n\/*! This file is auto-generated *\/\n!function(d,l){\"use strict\";l.querySelector&&d.addEventListener&&\"undefined\"!=typeof URL&&(d.wp=d.wp||{},d.wp.receiveEmbedMessage||(d.wp.receiveEmbedMessage=function(e){var t=e.data;if((t||t.secret||t.message||t.value)&&!\/[^a-zA-Z0-9]\/.test(t.secret)){for(var s,r,n,a=l.querySelectorAll('iframe[data-secret=\"'+t.secret+'\"]'),o=l.querySelectorAll('blockquote[data-secret=\"'+t.secret+'\"]'),c=new RegExp(\"^https?:$\",\"i\"),i=0;i<o.length;i++)o[i].style.display=\"none\";for(i=0;i<a.length;i++)s=a[i],e.source===s.contentWindow&&(s.removeAttribute(\"style\"),\"height\"===t.message?(1e3<(r=parseInt(t.value,10))?r=1e3:~~r<200&&(r=200),s.height=r):\"link\"===t.message&&(r=new URL(s.getAttribute(\"src\")),n=new URL(t.value),c.test(n.protocol))&&n.host===r.host&&l.activeElement===s&&(d.top.location.href=t.value))}},d.addEventListener(\"message\",d.wp.receiveEmbedMessage,!1),l.addEventListener(\"DOMContentLoaded\",function(){for(var e,t,s=l.querySelectorAll(\"iframe.wp-embedded-content\"),r=0;r<s.length;r++)(t=(e=s[r]).getAttribute(\"data-secret\"))||(t=Math.random().toString(36).substring(2,12),e.src+=\"#?secret=\"+t,e.setAttribute(\"data-secret\",t)),e.contentWindow.postMessage({message:\"ready\",secret:t},\"*\")},!1)))}(window,document);\n\/\/# sourceURL=https:\/\/stiftungsmarktplatz.eu\/blog\/wp-includes\/js\/wp-embed.min.js\n\/* ]]> *\/\n<\/script>\n","thumbnail_url":"https:\/\/stiftungsmarktplatz.eu\/blog\/wp-content\/uploads\/2020\/07\/Nachlese-zum-VTFDS2020-Traeg-Degen-Gatzweiler.jpg","thumbnail_width":1200,"thumbnail_height":675,"description":"Was muss sich in der Verwaltung des Stiftungsverm\u00f6gens nach einer Pandemie \u00e4ndern? Eigentlich nichts, was nicht schon vorher eine gute Idee gewesen w\u00e4re. Zu diesem Ergebnis kam eine Diskussionsrunde aus Dr. Christoph Degen (proFonds), Immo Gatzweiler (AXA Investment Managers) und Petra Tr\u00e4g (SOS Kinderdorf-Stiftung)."}

Der Stiftungsblog für die Stiftungspraxis

Einfach mal die 100-Jahres-Brille aufsetzen - Der Stiftungsblog für die Stiftungspraxis

<blockquote class="wp-embedded-content" data-secret="TXXB3yRjAZ"><a href="https://stiftungsmarktplatz.eu/blog/einfach-mal-die-100-jahres-brille-aufsetzen/">Einfach mal die 100-Jahres-Brille aufsetzen</a></blockquote><iframe sandbox="allow-scripts" security="restricted" src="https://stiftungsmarktplatz.eu/blog/einfach-mal-die-100-jahres-brille-aufsetzen/embed/#?secret=TXXB3yRjAZ" width="600" height="338" title="&#8222;Einfach mal die 100-Jahres-Brille aufsetzen&#8220; &#8211; Der Stiftungsblog für die Stiftungspraxis" data-secret="TXXB3yRjAZ" frameborder="0" marginwidth="0" marginheight="0" scrolling="no" class="wp-embedded-content"></iframe><script type="text/javascript">
/* <![CDATA[ */
/*! This file is auto-generated */
!function(d,l){"use strict";l.querySelector&&d.addEventListener&&"undefined"!=typeof URL&&(d.wp=d.wp||{},d.wp.receiveEmbedMessage||(d.wp.receiveEmbedMessage=function(e){var t=e.data;if((t||t.secret||t.message||t.value)&&!/[^a-zA-Z0-9]/.test(t.secret)){for(var s,r,n,a=l.querySelectorAll('iframe[data-secret="'+t.secret+'"]'),o=l.querySelectorAll('blockquote[data-secret="'+t.secret+'"]'),c=new RegExp("^https?:$","i"),i=0;i<o.length;i++)o[i].style.display="none";for(i=0;i<a.length;i++)s=a[i],e.source===s.contentWindow&&(s.removeAttribute("style"),"height"===t.message?(1e3<(r=parseInt(t.value,10))?r=1e3:~~r<200&&(r=200),s.height=r):"link"===t.message&&(r=new URL(s.getAttribute("src")),n=new URL(t.value),c.test(n.protocol))&&n.host===r.host&&l.activeElement===s&&(d.top.location.href=t.value))}},d.addEventListener("message",d.wp.receiveEmbedMessage,!1),l.addEventListener("DOMContentLoaded",function(){for(var e,t,s=l.querySelectorAll("iframe.wp-embedded-content"),r=0;r<s.length;r++)(t=(e=s[r]).getAttribute("data-secret"))||(t=Math.random().toString(36).substring(2,12),e.src+="#?secret="+t,e.setAttribute("data-secret",t)),e.contentWindow.postMessage({message:"ready",secret:t},"*")},!1)))}(window,document);
//# sourceURL=https://stiftungsmarktplatz.eu/blog/wp-includes/js/wp-embed.min.js
/* ]]> */
</script>

Was muss sich in der Verwaltung des Stiftungsvermögens nach einer Pandemie ändern? Eigentlich nichts, was nicht schon vorher eine gute Idee gewesen wäre. Zu diesem Ergebnis kam eine Diskussionsrunde aus Dr. Christoph Degen (proFonds), Immo Gatzweiler (AXA Investment Managers) und Petra Träg (SOS Kinderdorf-Stiftung).
