{"version":"1.0","provider_name":"Der Stiftungsblog f\u00fcr die Stiftungspraxis","provider_url":"https:\/\/stiftungsmarktplatz.eu\/blog","title":"Digital rocks - Der Stiftungsblog f\u00fcr die Stiftungspraxis","type":"rich","width":600,"height":338,"html":"<blockquote class=\"wp-embedded-content\" data-secret=\"6rq7E85nKv\"><a href=\"https:\/\/stiftungsmarktplatz.eu\/blog\/digital-rocks\/\">Digital rocks<\/a><\/blockquote><iframe sandbox=\"allow-scripts\" security=\"restricted\" src=\"https:\/\/stiftungsmarktplatz.eu\/blog\/digital-rocks\/embed\/#?secret=6rq7E85nKv\" width=\"600\" height=\"338\" title=\"&#8222;Digital rocks&#8220; &#8211; Der Stiftungsblog f\u00fcr die Stiftungspraxis\" data-secret=\"6rq7E85nKv\" frameborder=\"0\" marginwidth=\"0\" marginheight=\"0\" scrolling=\"no\" class=\"wp-embedded-content\"><\/iframe><script type=\"text\/javascript\">\n\/* <![CDATA[ *\/\n\/*! This file is auto-generated *\/\n!function(d,l){\"use strict\";l.querySelector&&d.addEventListener&&\"undefined\"!=typeof URL&&(d.wp=d.wp||{},d.wp.receiveEmbedMessage||(d.wp.receiveEmbedMessage=function(e){var t=e.data;if((t||t.secret||t.message||t.value)&&!\/[^a-zA-Z0-9]\/.test(t.secret)){for(var s,r,n,a=l.querySelectorAll('iframe[data-secret=\"'+t.secret+'\"]'),o=l.querySelectorAll('blockquote[data-secret=\"'+t.secret+'\"]'),c=new RegExp(\"^https?:$\",\"i\"),i=0;i<o.length;i++)o[i].style.display=\"none\";for(i=0;i<a.length;i++)s=a[i],e.source===s.contentWindow&&(s.removeAttribute(\"style\"),\"height\"===t.message?(1e3<(r=parseInt(t.value,10))?r=1e3:~~r<200&&(r=200),s.height=r):\"link\"===t.message&&(r=new URL(s.getAttribute(\"src\")),n=new URL(t.value),c.test(n.protocol))&&n.host===r.host&&l.activeElement===s&&(d.top.location.href=t.value))}},d.addEventListener(\"message\",d.wp.receiveEmbedMessage,!1),l.addEventListener(\"DOMContentLoaded\",function(){for(var e,t,s=l.querySelectorAll(\"iframe.wp-embedded-content\"),r=0;r<s.length;r++)(t=(e=s[r]).getAttribute(\"data-secret\"))||(t=Math.random().toString(36).substring(2,12),e.src+=\"#?secret=\"+t,e.setAttribute(\"data-secret\",t)),e.contentWindow.postMessage({message:\"ready\",secret:t},\"*\")},!1)))}(window,document);\n\/\/# sourceURL=https:\/\/stiftungsmarktplatz.eu\/blog\/wp-includes\/js\/wp-embed.min.js\n\/* ]]> *\/\n<\/script>\n","thumbnail_url":"https:\/\/stiftungsmarktplatz.eu\/blog\/wp-content\/uploads\/2020\/06\/Digital-rocks.jpg","thumbnail_width":1200,"thumbnail_height":675,"description":"Als wir die Idee f\u00fcr den Virtuellen Tag hatten, war das noch in einer Welt vor Corona. Der pers\u00f6nliche Austausch fand auf Veranstaltungen statt, man traf sich, besprach sich, der virtuelle Raum war einer zum Arbeiten, aber keiner f\u00fcr Events. F\u00fcr das Konzept zum Virtuellen Tag f\u00fcr das Stiftungsverm\u00f6gen wurden wir bel\u00e4chelt, \u201eso was braucht kein Mensch\u201c, hie\u00df es. Das ist 6 Monate her. Mittlerweile ist die Welt eine in der Corona-Krise und nach dem Corona-Crash, und pl\u00f6tzlich sind virtuelle Events spannend."}

Der Stiftungsblog für die Stiftungspraxis

Digital rocks - Der Stiftungsblog für die Stiftungspraxis

<blockquote class="wp-embedded-content" data-secret="6rq7E85nKv"><a href="https://stiftungsmarktplatz.eu/blog/digital-rocks/">Digital rocks</a></blockquote><iframe sandbox="allow-scripts" security="restricted" src="https://stiftungsmarktplatz.eu/blog/digital-rocks/embed/#?secret=6rq7E85nKv" width="600" height="338" title="&#8222;Digital rocks&#8220; &#8211; Der Stiftungsblog für die Stiftungspraxis" data-secret="6rq7E85nKv" frameborder="0" marginwidth="0" marginheight="0" scrolling="no" class="wp-embedded-content"></iframe><script type="text/javascript">
/* <![CDATA[ */
/*! This file is auto-generated */
!function(d,l){"use strict";l.querySelector&&d.addEventListener&&"undefined"!=typeof URL&&(d.wp=d.wp||{},d.wp.receiveEmbedMessage||(d.wp.receiveEmbedMessage=function(e){var t=e.data;if((t||t.secret||t.message||t.value)&&!/[^a-zA-Z0-9]/.test(t.secret)){for(var s,r,n,a=l.querySelectorAll('iframe[data-secret="'+t.secret+'"]'),o=l.querySelectorAll('blockquote[data-secret="'+t.secret+'"]'),c=new RegExp("^https?:$","i"),i=0;i<o.length;i++)o[i].style.display="none";for(i=0;i<a.length;i++)s=a[i],e.source===s.contentWindow&&(s.removeAttribute("style"),"height"===t.message?(1e3<(r=parseInt(t.value,10))?r=1e3:~~r<200&&(r=200),s.height=r):"link"===t.message&&(r=new URL(s.getAttribute("src")),n=new URL(t.value),c.test(n.protocol))&&n.host===r.host&&l.activeElement===s&&(d.top.location.href=t.value))}},d.addEventListener("message",d.wp.receiveEmbedMessage,!1),l.addEventListener("DOMContentLoaded",function(){for(var e,t,s=l.querySelectorAll("iframe.wp-embedded-content"),r=0;r<s.length;r++)(t=(e=s[r]).getAttribute("data-secret"))||(t=Math.random().toString(36).substring(2,12),e.src+="#?secret="+t,e.setAttribute("data-secret",t)),e.contentWindow.postMessage({message:"ready",secret:t},"*")},!1)))}(window,document);
//# sourceURL=https://stiftungsmarktplatz.eu/blog/wp-includes/js/wp-embed.min.js
/* ]]> */
</script>

Als wir die Idee für den Virtuellen Tag hatten, war das noch in einer Welt vor Corona. Der persönliche Austausch fand auf Veranstaltungen statt, man traf sich, besprach sich, der virtuelle Raum war einer zum Arbeiten, aber keiner für Events. Für das Konzept zum Virtuellen Tag für das Stiftungsvermögen wurden wir belächelt, „so was braucht kein Mensch“, hieß es. Das ist 6 Monate her. Mittlerweile ist die Welt eine in der Corona-Krise und nach dem Corona-Crash, und plötzlich sind virtuelle Events spannend.
